at is f(14)?
2
Let m be (2*18 + -2)/((-7)/(-56)). Let d(w) = -m + 3*w + 272. What is d(2)?
6
Let z(y) be the third derivative of -y**5/60 + 11*y**4/24 - y**3/6 + 16*y**2. Determine z(6).
29
Suppose 10*z + 59 = -31. Let b(w) = -w**3 - 9*w**2 + w + 10. What is b(z)?
1
Suppose 6*z - 3*z - 15 = 5*l, -l = 4*z + 3. Let k be -2 + 0/l - -6. Let y(g) = 4*g**2 + 2*g - 3*g**2 + 4 + 0*g - k*g. Determine y(3).
7
Let w(a) = a**3 - 9*a**2 - 12*a + 2. Let v be w(10). Let h = v + 15. Let p(f) = -f**3 - 2*f**2 + f - 2. Give p(h).
4
Let a(u) be the third derivative of -u**4/12 - u**3/6 - 20*u**2. Let v be a(-3). Let j(f) = -f - 2. Determine j(v).
-7
Let x(v) = -14*v + 20. Let h(m) = -24*m + 41. Let p(r) = 3*h(r) - 5*x(r). Determine p(3).
17
Let m(p) = p**3 - 2*p**2 - p - 1. Let f(s) = -s**3 - s**2 - s - 1. Let k(r) = -f(r) + m(r). Suppose 0*c = c - 1. What is k(c)?
1
Let c = 32 + -29. Let n(p) = 6*p**2 - 5*p + 4. Let m(r) = 5*r**2 - 4*r + 3. Let t(j) = c*n(j) - 4*m(j). Give t(-1).
-3
Let h(t) be the second derivative of t**4/24 - 4*t**3/3 + 7*t**2 + 5*t. Let v(f) be the first derivative of h(f). What is v(6)?
-2
Let r(m) = 3*m + 5. Let t = 7 - 32. Let q = -30 - t. What is r(q)?
-10
Suppose 26*j - 21*j - 5 = 0. Let z be (j - 4/3)*(-8 - -17). Let l(c) = -3*c - 3. Give l(z).
6
Let a(j) = -13*j**2 - 28*j + 2. Let g(l) = 5*l**2 + 13*l - 1. Let x(t) = a(t) + 2*g(t). Let y = 16 + -11. Let q = -7 + y. Determine x(q).
-8
Let c(m) = -7*m**2 + 2*m - 1. Let i(t) = 6*t**2 - 3*t + 1. Let z(w) = 5*c(w) + 6*i(w). Calculate z(7).
-6
Let z(j) be the first derivative of j**4/12 - j**3/2 + j**2/2 + 14*j + 2. Let s(g) be the first derivative of z(g). What is s(3)?
1
Let o = 60 - 64. Let c(f) = f**3 + 10*f**2 - 5*f**2 + 1 + 1 + 6*f. Give c(o).
-6
Let g be (-4)/((-8)/15)*(-56)/(-140). Let o(u) = -u**2 + 1 - 3*u**2 + 4*u + u**2. Calculate o(g).
-14
Suppose -10 = -2*k - 0. Suppose -j - 4*j + k*u + 65 = 0, 0 = -2*j - 4*u + 2. Let q(v) = v**3 - 8*v**2 - 10*v + 12. Calculate q(j).
3
Let d(h) = 3*h + 5. Let w(n) = -11*n - 9. Let b(j) = -21*j - 18. Let m(r) = 4*b(r) - 7*w(r). Let c(y) = -5*d(y) - 2*m(y). Calculate c(-7).
0
Let b = 560 - 563. Let l(y) = -y**2 - 2*y - 4. Calculate l(b).
-7
Let g(a) = 2*a**3 - 31*a**2 + 14*a + 7. Let m = 2764 - 2749. Determine g(m).
-8
Let a = -2 + 2. Suppose -g + 5*t - 8 = a, t + 4 = g + 2*t. Let p(o) = -g*o + o + 1 - o. Determine p(-4).
9
Let l be (-1)/4 + (-245)/(-196). Let q(p) = -4*p**3 + p. Calculate q(l).
-3
Suppose 111 = -8*g - 377. Let l = 54 + g. Let d(o) = -2*o - 3. What is d(l)?
11
Let t be (4/(-6))/((-18)/(-27)). Let v(z) = 2 - 1 + 0 + 9*z**2 - 2. Calculate v(t).
8
Let k(w) = w**2 - w - 1. Let u be k(2). Let a = -25 + 27. Let j(p) = 8 - 10 + 3 + 10*p**a. What is j(u)?
11
Let l be -5*2*(4 + -5). Let o(f) = 1 + 3*f**2 - 15*f - l*f**2 + 15*f. Determine o(-1).
-6
Let b(j) = 1 - 6 - 9*j + 3*j - j**2 - 9 + 0*j**2. Calculate b(-4).
-6
Let j(q) = -15*q**2 + q + 8. Let z(p) = -81*p**2 + 6*p + 40. Let r(o) = -11*j(o) + 2*z(o). Determine r(-3).
16
Let p(v) be the first derivative of v**3/3 + 15*v**2/2 + 54*v + 78. Give p(-8).
-2
Suppose 5*a = -5*w, 7 = -3*a + 1. Let y(s) = -34 + 66 - 33 - 4*s**w + 6*s**2. Suppose -6 = 6*o - 3*o. What is y(o)?
7
Let j be 1840/92*(-1)/(-2). Let l(a) = 2*a - 12. Calculate l(j).
8
Let j(h) be the second derivative of 7*h**3/3 - h**2/2 + 8*h. Let w(k) = k - 10. Let z be w(9). Let i = z + 0. Determine j(i).
-15
Suppose -6*y = -331 + 307. Let v(r) be the first derivative of r**4/4 - 4*r**3/3 + 3*r**2/2 + 5*r - 1. What is v(y)?
17
Let m be (-42 - -30)*2/(-3). Let t(z) = z - 17. Determine t(m).
-9
Let l(y) = -y**2 - y - 10. Let b(m) = -m**2 + 9*m - 20. Let r be b(4). What is l(r)?
-10
Suppose -k = 4*f - 5*k + 8, 3*f + 4*k + 34 = 0. Let p(s) = s**3 + 6*s**2 + 2*s + 2. Determine p(f).
-10
Let t(o) = -o**2 + 2*o - 1. Let l = -12 - -22. Let g be l*(8/5 - 2). Let k(f) = -f**2 - 5*f - 2. Let p be k(g). Determine t(p).
-1
Let y(h) = 6*h**2 - 5269*h**3 + 5268*h**3 + 3*h + 6*h - 6. Determine y(7).
8
Suppose 20*h = -52 - 68. Let f(d) = -d**2 - 7*d + 4. Let x(g) = -3*g**2 - 21*g + 12. Let l(y) = 17*f(y) - 6*x(y). Determine l(h).
-10
Suppose -4*t - z - 62 = -t, t + 2*z = -19. Let u be t/(-15) + (-3)/(-5). Let j(s) = 3*s - s**u + s - 3 - 5*s - 5*s. Calculate j(-4).
5
Let b(k) = k**3 - 4*k**2 + 4*k + 1. Let m = -72 - -75. Calculate b(m).
4
Let a(c) be the third derivative of c**6/120 + c**5/30 + c**4/12 - c**3/2 - 144*c**2. What is a(-3)?
-18
Let p(x) = -x**2 + 5*x + 6. Let m = 46 + -26. Suppose 3*b + 5*o - m = 0, 0*o = -2*b - o + 4. Suppose i + u - 4 = 0, b*i + 3*u + 13 = 2*i. Give p(i).
6
Suppose 0 = r + r - 10. Let t = -2 + 2. Let a(f) = -16 + 15 + t*f**3 + 2*f - f**3 - 2*f**2 + 7*f**2. Give a(r).
9
Let q(a) = -a**2 - 15*a - 11. Suppose 36*w - 16*w + 280 = 0. Give q(w).
3
Let z(w) = -2*w - 4*w**2 + 6*w - w**3 + 1 - w. Suppose -5*k + 7 = 3*p - 373, 5*p = 0. Let m = k - 80. Calculate z(m).
-11
Let d(u) be the first derivative of u**4/2 + u**3/3 + u**2 + u + 63. What is d(-1)?
-2
Let j(g) = -4*g - 8. Suppose 33 - 45 = -4*m. Let f(r) = -7*r - 15. Let i(o) = m*f(o) - 5*j(o). Calculate i(-11).
6
Let j(a) = -8*a - 7. Let o(l) = l - 3. Let x(n) = 2*n - 4. Let v(g) = 3*o(g) - 2*x(g). Let y(w) = 5*j(w) - 35*v(w). Calculate y(3).
-15
Let z(d) = -d**3 + d**2 - 5*d - 1. Let x(g) = -g**3 + 2*g**2 - 4*g. Let j(a) = 3*x(a) - 2*z(a). Calculate j(3).
5
Suppose 0 = 3*h + 20 - 83. Let l be (-7)/h - (-212)/6. Let o = l + -31. Let n(b) = -b**3 + 4*b**2 + 2*b. Calculate n(o).
8
Let f = 43 - 49. Let b(r) be the first derivative of -r**3/3 - 4*r**2 - 8*r - 64. What is b(f)?
4
Let x be 51/5 + (-5)/((-200)/(-8)). Let l(y) = 0*y**3 - y**3 - y**2 - 9*y + x*y - 1. Calculate l(-2).
1
Suppose 2*u + 10 = 4*m, -4*m + u + 8 = -3. Let l(j) = 4*j. Let f(w) = 5*w + 1. Let g(t) = m*f(t) - 4*l(t). Give g(5).
-2
Let q = -7 - -20. Let x be (1 - 1)/(q/(-13)). Suppose -5*p + x + 4 = -y, 4*p - y - 4 = 0. Let a(l) = -l**3 - l**2 + l - 1. Give a(p).
-1
Suppose 0 = 26*d - 29*d + 12. Let b be d/(-2) - (-7 - 0). Let i(s) = -s - 1. Give i(b).
-6
Let n(l) = l**2 + 8*l - 5. Suppose -2*f = d + 55 - 36, 0 = 4*f + 20. Give n(d).
4
Let m(h) = 5*h - 1. Let i(r) = r**3 - 14*r**2 - 18*r + 42. Let z be i(15). Determine m(z).
-16
Let w(c) be the second derivative of 3/2*c**3 - 4*c**2 - 1/12*c**4 + 0 - 6*c. Suppose -5*v + v + 24 = 0. Determine w(v).
10
Let x(o) = -4 + 22*o**2 - 3 - 8951*o + 8945*o - 23*o**2. Calculate x(-9).
-34
Suppose 2*i - 1 = -y, 5*y - i - 26 = -10. Let g(c) = -6*c**3 - 10*c**3 + y + 17*c**3 - c**2 + c. Give g(0).
3
Let n(j) = -5*j**3 - 2*j + 1. Let x(z) = 3*z + 33. Let k be x(-10). Let p = 4 - k. Determine n(p).
-6
Let g(u) = u**3 + 29*u**2 + 32*u + 109. Let f be g(-28). Let z(j) = -j**3 - 2*j**2 + 2*j - 7. What is z(f)?
-4
Let k(w) = w**2 - 5*w - 7. Let x(n) = -n**3 - 9*n**2 - 2*n - 16. Let z be x(-9). Let l be -12*1*z/(-3). Suppose -l = -3*r + 10. Give k(r).
-1
Let a(d) = -d**2 - 5*d - 7. Let s = -199 - -102. Let i = -102 - s. Calculate a(i).
-7
Let f(u) be the first derivative of 2*u**2 - 7*u + 44. Let x be f(2). Let w(p) = -6*p**2 + p - 1. Calculate w(x).
-6
Let k(h) = -102*h + 191*h - 88*h + 14. Give k(-6).
8
Let g = -22 + 25. Let b be 4/(g + -1) + -2. Let o(k) = 7 + k**3 - 3 - k**2 + 0. Give o(b).
4
Let r(n) = -2*n - 9. Let v be r(-7). Suppose -z + 5*c - 4 = -48, -z + 84 = v*c. Let m(u) = -5*u**2 - 1 - u**3 + 2*u**2 - z*u + 61*u. Give m(-3).
8
Let o(i) = i**3 + i + 1. Let s(y) = 2*y + 51. Let h be s(-22). Let b(j) = -j**3 + 7*j**2. Let p be b(h). Give o(p).
1
Let w(g) = -25*g - 3. Let y(n) = -826*n - 98. Let p(r) = -98*w(r) + 3*y(r). Calculate p(-1).
28
Let l(g) = g**3 - 40*g**2 - 38*g - 122. Let s be l(41). Let b(t) = -4*t**3 + t**2 - 1. Determine b(s).
-4
Let w(k) be the second derivative of k**6/360 + k**5/60 - k**4/12 + 4*k**3 - 21*k. Let f(t) be the second derivative of w(t). What is f(-3)?
1
Let z(n) = -n**2 - 2*n. Suppose -5*w + 32 = -23. Suppose -2*k - w = -31. Suppose -5*j - k = 3*o, -3*j + 13 = -o - o. What is z(o)?
-15
Let u be -3*(1 + 0) - -5. Let c be ((-4)/8)/(u/24). Let y(o) be the second derivative of o**5/20 + 5*o**4/12 - 4*o**3/3 - 7*o**2/2 - 4*o. Determine y(c).
5
Let s(n) = 2*n - 1. Let o = 414 + -418. Give s(o).
-9
Let r(m) = 5*m - 2. Suppose -2*p - 3*c 